{"id":11,"date":"2016-04-29T13:00:40","date_gmt":"2016-04-29T13:00:40","guid":{"rendered":"http:\/\/wordpress.essener-skiklub.de\/?page_id=11"},"modified":"2025-04-06T13:20:41","modified_gmt":"2025-04-06T11:20:41","slug":"portrait","status":"publish","type":"page","link":"https:\/\/www.essener-skiklub.de\/?page_id=11","title":{"rendered":"Skiklub-Portrait"},"content":{"rendered":"<p>Aktuell sind wir 117 Jahre alt. Im Jahre 2019 haben wir unseren Geburtstag mit der sch\u00f6nen Zahl 111 zum Anlass genommen, ein kleines Sommerfest f\u00fcr alle Mitglieder und Freunde des Skiklubs zu veranstalten. Im Jahre 2008 feierte der Essener Skiklub seinen runden 100. Geburtstag in einem festlichen Rahmen in der Skihalle in Bottrop.<\/p>\n<p>Der ESK ist ein kleiner, aber sehr aktiver Verein. Das Sportangebot reicht vom Kinderturnen \u00fcber den alpinen Skilauf bis zum Seniorensport. Mit unserem breiten Skigymnastik-Angebot kann man sich das ganze Jahr \u00fcber fit halten, um im Winter f\u00fcr den Skilauf die notwendige Kondition zur Verf\u00fcgung zu haben.<\/p>\n<p>Alle Aktivit\u00e4ten zielen darauf ab, f\u00fcr den Skilauf, alpin oder nordisch, die notwendige Vorbereitung zu treffen. Alle Altersklassen messen ihre Geschicklichkeit zwischen den Toren im alpinen Skilauf, bei den alpinen Stadtmeisterschaften, in Wettk\u00e4mpfen innerhalb des westdeutschen skiverbandes (wsv) oder sogar bei nationalen (DSV) und internationalen (FIS) Wettk\u00e4mpfen. Bei diesen Wettk\u00e4mpfen sind schon einige Mitglieder des ESK als westdeutsche Meisterin bzw. westdeutscher Meister in nordischen und alpinen Disziplinen hervorgegangen.<\/p>\n<p>Einige Familien und Freunde des Skiklubs verbringen die Weihnachtsferien in Burgeis am Reschenpass. Und in den Osterferien trifft sich ein gro\u00dfer Teil der Klubmitglieder im schweizerischen Wallis, in Grimentz. Au\u00dferdem steht unseren Mitgliedern neben unserem eigenen Sportreisen-Programm auch das zahlreiche Fahrten umfassende Programm des wsv zur Verf\u00fcgung.<\/p>\n<p>Bis ins Corona-Jahr 2020 hinein stand den Gruppen und Mitgliedern ein Kleinbus (9-Sitzer) f\u00fcr diverse Aktivit\u00e4ten zu einem g\u00fcnstigen Preis zur Verf\u00fcgung. Dieser konnte aus finanziellen Gr\u00fcnden dann jedoch nicht mehr gehalten werden. Daf\u00fcr hat sich gegen Ende des Jahres 2020 eine neue sportliche Institution im ESK etabliert: unser vielf\u00e4ltiges Zoom-Onlinetraining, welches vier- bis sechsmal pro Woche stattfindet.<\/p>\n<h3>Chronik<\/h3>\n<div class=\"su-spoiler su-spoiler-style-simple su-spoiler-icon-plus su-spoiler-closed\" data-scroll-offset=\"0\" data-anchor-in-url=\"no\"><div class=\"su-spoiler-title\" tabindex=\"0\" role=\"button\"><span class=\"su-spoiler-icon\"><\/span>Die Geschichte des Essener Skiklubs<\/div><div class=\"su-spoiler-content su-u-clearfix su-u-trim\">Fast zwanzig f\u00fcr den Skisport begeisterte M\u00e4nnlein und Weiblein setzten sich im Januar des Jahres 1908 zusammen und gr\u00fcndeten den Essener Skiklub, um den Schneeschuhlauf, besonders in den heimatlichen Bergen, zu f\u00f6rdern.<\/p>\n<p>Der erste Vorsitzende des Klubs Dr. Fr. Spillner \u2013 leider fiel er schon 1914 in den ersten Kriegstagen in den Vogesen \u2013 hatte mit seinen treuen Mitarbeitern die \u201eKlub-Bretter richtig gewachst\u201c und die Fahrt in die Zukunft konnte beginnen. Das war in der Zeit, als noch kein Sonderzug in die schneebedeckten Berge des Sauerlandes fuhr und jeder Skil\u00e4ufer mit den langen Brettern wie ein kleines Weltwunder angestaunt wurde. Kurz vor dem 1. Weltkrieg hatte es der Klub, der inzwischen als Ortsgruppe im Skiklub Sauerland (dem heutigen WSV) gef\u00fchrt wurde, auf fast 100 Mitglieder gebracht.<\/p>\n<p>In den folgenden Jahren lag die Leitung bis zum Jahre 1921 in den H\u00e4nden von Baudirektor Dr. Ing. Link. W\u00e4hrend des Krieges ruhte der Sport- und Klubbetrieb fast vollst\u00e4ndig und es bedurfte einiger Zeit, bis sich ein Teil der Mitglieder wieder zusammenfand. Mit Unterst\u00fctzung des Generaldirektors Dr. Janus gelang es jedoch, dem Klub wieder neues Leben zu geben und ihn zu neuer Bl\u00fcte zu bringen.<\/p>\n<p>Von 1921 bis 1926 stand der Essener Skiklub unter der Leitung von Direktor Bergassessor a.D. Olfe. W\u00e4hrend seiner Amtszeit, und zwar im Jahre 1925, wurde eine Jugendabteilung dem Klub angegliedert. Nach der Abtrennung der \u201eWIWARI\u201c (Wintersport- und Wanderriege des Essener Turn- und Fechtklubs) im Jahre 1926 gab es unter der Leitung des neuen Vorsitzenden Kn\u00fcmann weitere Fortschritte, besonders auf sportlichem Gebiet. Bergassessor Olfe wurde Ehrenvorsitzender des Vereins.<\/p>\n<p>Durch die Neuordnung der Sportgruppe im Jahre 1927 wurden neben dem winterlichen Skilauf auch Waldlauf, Gymnastik, Wanderungen und Faltbootfahrten besonders gepflegt. Gro\u00dfen Wert legte man stets auf die Beteiligung an Wintersportwettbewerben im Sauerland. Bei den Verbandswettk\u00e4mpfen in Winterberg brachte der Essener Skiklub drei Langlauf-Staffeln an den Start und durchs Ziel, eine Leistung, die von keiner Ortsgruppe des Skiklub Sauerland erreicht wurde.<\/p>\n<p>Im Jahre 1930 beginnt der Klub, seinen Traum von einem eigenen Heim zu realisieren. In Willingen (Waldeck), in unmittelbarer N\u00e4he von 8 \u201eAchthundertern\u201c wird das Haus B\u00e4ringhausen als Klubheim angemietet, denn inzwischen hatten immer mehr Mitglieder ihre Liebe zu der herrlichen Landschaft um Willingen entdeckt.<\/p>\n<p>Im Jahre 1932 \u00fcbernahm der Baumeister J. Sch\u00f6ning als Vorsitzender die Leitung des Klubs. Es ging weiter aufw\u00e4rts und der Essener Skiklub z\u00e4hlte fast 300 Mitglieder.<\/p>\n<p>Das Jahr 1933 brachte dem Klub einen H\u00f6hepunkt: Der alte Traum war Wirklichkeit geworden, in Willingen konnte die eigene H\u00fctte eingeweiht werden. Am Tage der Einweihung l\u00f6ste die H\u00fctte bei den Vereinen des Skiklub Sauerland, der \u00f6rtlichen und der heimischen Presse Bewunderung aus.<\/p>\n<p>Die \u201eEssener Allgemeine Zeitung\u201c, der \u201eEssener Anzeiger\u201c und die \u201eNational-Zeitung\u201c schrieben am 28.11.1933:<br \/>\n<em>EINE NEUE SKIH\u00dcTTE IM HOCHSAUERLAND:<br \/>\n<\/em><em>Der Essener Skiklub weihte seine \u201eH\u00fctte am Hoppern\u201c bei Willingen ein.<\/em><\/p>\n<p>In der Folgezeit entwickelte sich die H\u00fctte zum Mittelpunkt des sportlichen, touristischen und geselligen Lebens des Klubs. Verst\u00e4rkt und systematischer wurde der Sportbetrieb und das Wettkampftraining betrieben. Die H\u00fctte des Klubs bei Willingen im Hochsauerland ist Ausgangspunkt aller skisportlichen Veranstaltungen.<\/p>\n<p>Im Rundschreiben Nr. 1 vom 16. November 1936 des Fachamtes Skilauf im Deutschen Reichsbund f\u00fcr Leibes\u00fcbungen wird Hans-Martin G\u00e4rtner, der bis zu seinem Bergtod im Jahre 1981 Mitglied des ESK war, zum Obmann f\u00fcr Touristik und Skiwege und der Vorsitzende Hans Sch\u00f6ning am 31. M\u00e4rz 1937 zum Kreisfachwart des Kreises 9 (Essen) ernannt.<\/p>\n<p>Von 1939 an lag die Vorstands-Leitung in H\u00e4nden von Paul Trachte. Er war es, der das Profil des Essener Skiklubs pr\u00e4gte und seine T\u00e4tigkeit wirkt sich bis auf den heutigen Tag in allen Belangen des Klublebens aus. Leider wurde sein Amtsantritt \u00fcberschattet vom Ausbruch des 2. Weltkrieges. Bedingt durch die Kriegsereignisse wurde es auch um den Essener Skiklub stiller. Doch selbst in dieser so turbulenten Zeit konnte Paul Trachte zum Wohle des Klubs wirken.<\/p>\n<p>Von 1945 bis 1947 bem\u00fchte sich Otto Kn\u00fcmann, dem Klub wieder neues Leben zu geben. Das Klubleben lag noch brach, die Mitglieder, soweit sie die Kriegswirren \u00fcberlebten, waren in alle Winde verweht. Bedingt durch die Nachkriegssituation \u00fcbernahm von 1947 bis 1948 mit Wilhelm Schmale ein Mann den Vorstands-Vorsitz, der seine Kenntnisse und F\u00e4higkeiten jahrzehntelang im Vorstand in den unterschiedlichsten Positionen in den Dienst des Essener Skiklubs stellte.<\/p>\n<p>Es d\u00fcrfte nahezu vergessen sein, dass der Essener Skiklub den Westdeutschen Skiverband in seiner heutigen Funktion als Nachfolge-Organisation des Fachamtes Skilauf im Jahre 1947 aus der Taufe hob. Karl Utzat, Paul Trachte und Dr. Heermann von der Wiwari waren die Initiatoren.<\/p>\n<p>In der Gr\u00fcndungsversammlung wurde dem Essener Skiklub mit Paul Trachte als 2. Vorsitzender, Wilhelm Schmale als Schriftwart, Wilhelm Vogel als Kassenwart und Karl Utzat als Verbandssport- und Lehrwart die Gesch\u00e4ftsf\u00fchrung \u00fcbertragen. Sie blieb drei Jahre lang in H\u00e4nden des ESK. Paul Trachte und Karl Utzat f\u00fchrten ihre \u00c4mter auch in der Gesch\u00e4ftsf\u00fchrung weiterer Organisationen noch eine Reihe von Jahren weiter.<\/p>\n<p>Von 1948 bis zum Jahre 1962 war es dann Paul Trachte, der, getragen vom Vertrauen aller Mitglieder und des gesch\u00e4ftsf\u00fchrenden Vorstandes, die Leitung des Essener Skiklubs \u00fcbernahm. Dieses Vertrauen zu freiem Handeln f\u00fcr den ESK wirkte sich nicht nur im Ansehen des Klubs, in sportlichen Erfolgen und einem bl\u00fchenden, aufw\u00e4rts strebenden Klubleben aus; dar\u00fcber hinaus zeigte die Bilanz der Vereinsb\u00fccher, dass Besitz und Eigentum des ESK unter seiner Klubf\u00fchrung zu bis dahin nicht f\u00fcr m\u00f6glich gehaltene solide Fundamente f\u00fcr die Zukunft und das Weiterbestehen des ESK gebildet wurden. Der Ausbau der \u201eH\u00fctte\u201c zu einem vollbewirtschafteten, gem\u00fctlichen und funktionellen Treffpunkt nicht nur f\u00fcr die Vereinsmitglieder, sondern auch f\u00fcr die Jugend der Stadt Essen und die Sportler vieler Fachrichtungen erfolgte unter seiner Vorstandsleitung.<\/p>\n<p>Die durch seine Initiative gemeinsam mit der Stadt Essen erstellte Sport- und Gymnastikhalle, die anl\u00e4sslich der 50-Jahr-Feier des Klubs eingeweiht wurde, trug seinen Namen und war nur zum kleinen Teil Ausdruck der Wertsch\u00e4tzung f\u00fcr sein Wirken f\u00fcr den ESK. Seine Ernennung zum Ehren-Vorsitzenden hat dies nur unterstrichen.<\/p>\n<p>Erw\u00e4hnenswert ist, dass zu Beginn der f\u00fcnfziger Jahre auch die ersten Kurse f\u00fcr Lehrwarte in Zug\/Lech unter Leitung des Verbandssportwarts Karl Utzat und Heini Pape stattfanden. Unterrichtet wurde nach dem Lehrplan des DSV, \u201eModerner Skilauf\u201c.<\/p>\n<p>Die Amtszeit von Werner Schmidt, der den Vorstands-Vorsitz von 1962 bis 1970 innehatte, kann unter das Motto \u201eNutzung und Wahrung des Geschaffenen\u201c gestellt werden. Unter seiner Leitung, die Mitgliederzahl war auf 350 gewachsen, wurden die in der Vergangenheit geschaffenen Einrichtungen des Klubs voll ihrer Nutzung zugef\u00fchrt. Wenn man \u00fcberlegt, dass auf der H\u00fctte j\u00e4hrlich bis zu 10.000 \u00dcbernachtungen registriert wurden, kann man ermessen, welche organisatorischen Ma\u00dfnahmen dahinter steckten. Denn diese \u00dcbernachtungszahl beinhaltet Training, Touristik und Erholung von Klubmitgliedern und befreundeten Vereinen, Jugend-Freizeiten von Schulen und Organisationen der Stadt Essen, Wettk\u00e4mpfe im Sommer und besonders im Winter.<\/p>\n<p>Als Bernd Bauer im Jahre 1970 den Vorstands-Vorsitz \u00fcbernahm, war ein Symptom bei allen Vereinen anzutreffen, das sich bis auf den heutigen Tag h\u00e4lt: Nur wenige sind bereit, ehrenamtlich eine Funktion in der F\u00fchrung eines Vereines zu \u00fcbernehmen.<\/p>\n<p>Unter diesem Aspekt stand sein Amtsantritt.<\/p>\n<p>Jedoch einmal bereit, kniete er sich voll in die selbstgestellten Aufgaben.<\/p>\n<p>Das Hauptproblem war der \u201eH\u00fctten-Bereich\u201c. Durch die starke Frequentierung in der Vergangenheit und versch\u00e4rfte Auflagen von \u00c4mtern und Beh\u00f6rden musste etwas mit der H\u00fctte geschehen. Seinem Einsatz und Weitblick ist es zu verdanken, dass mit Hilfe von Herbert Contzen als Kassenwart und dem Architekten Fr. Keiser ein neues H\u00fctten-Konzept verwirklicht werden konnte, das ohne zus\u00e4tzliche Mittel von Klubmitgliedern die Essener Ski-H\u00fctte zu dem werden lie\u00df, was sie bis zum Jahre 2002 war:<br \/>\n\u201eEin im Westdeutschen Raum bekannter und beliebter Treffpunkt von Sportlern, Jugendlichen, Erholungssuchenden, Verb\u00e4nden und Organisationen.\u201c<\/p>\n<p>Dass w\u00e4hrend seiner Amtszeit, die Mitgliederzahl lag bei ca. 400, auch der Sport und die Jugendarbeit zu gro\u00dfer Bl\u00fcte gediehen, kann an anderer Stelle nachgelesen werden.<\/p>\n<p>Im Jahre 1979 \u00fcbernahm Karla Lobitz das Amt des Jugendwartes f\u00fcr alpine Disziplinen im wsv.<\/p>\n<p>Als im Jahre 1980 Wolfgang K\u00fcppers die F\u00fchrung des Klubs \u00fcbernahm, konnte er auf einen ESK blicken, der in seiner Jugend- und Breitenarbeit, seinen sportlichen Aktivit\u00e4ten und Erfolgen und nicht zuletzt in seiner finanziellen Grundlage eine gesunde Basis f\u00fcr das weitere Fortbestehen und eine aussichtsreiche Zukunft auch \u00fcber die vergangenen 75 Jahre hinaus hat.<\/p>\n<p>Im Jahre 1986 wurde Ulrich Mohaupt zum Vorsitzenden des Essener Skiklubs gew\u00e4hlt. Die F\u00fchrung der Skih\u00fctte erwies sich in den nachfolgenden Jahren als das f\u00fcr den Vorstand gr\u00f6\u00dfte Problem. Die P\u00e4chter der H\u00fctte wechselten wegen mangelnder Einnahmen sehr schnell und die Zahlungen f\u00fcr die Hypotheken f\u00fcr notwendige Modernisierungen wurden bald fraglich. Auch haben Sch\u00fcler aus Grundschulen und die vereinseigene Jugend sich nicht damit zufrieden gegeben, lediglich im Kellerbereich Duschen zur Verf\u00fcgung zu haben. Die \u00dcbernachtungsm\u00f6glichkeiten und die Restaurationsbedingungen konnten der Zeitentwicklung nicht mehr gerecht werden. Es standen auch notwendige Instandsetzungsma\u00dfnahmen an, so dass auf einer Mitgliederversammlung \u00fcber den Verkauf der Skih\u00fctte entschieden wurde. Im Jahre 2002 konnte endlich ein K\u00e4ufer f\u00fcr das Objekt gefunden werden. Von dem Gewinn nach der R\u00fcckzahlung des Kredites wurde ein Kleinbus angeschafft, der durch Werbeaufkleber refinanziert werden sollte. Lediglich ein Teil des urspr\u00fcnglichen Grundst\u00fccks in Willingen ist noch heute im Besitz des Skiklubs. Ulrich Mohaupt legte nach 20 Jahren sein Amt in die H\u00e4nde von Thomas Weber, der letztlich f\u00fcr sieben Jahre von 2006 bis 2013 den Vorsitz inne hatte.<\/p>\n<p>Mit dem Bau der Skihalle in Bottrop &#8211; dem alpincenter &#8211; im Jahre 2001 liegt der Hausberg des Essener Wintersports nun nicht mehr in Willingen, sondern direkt vor den Toren der Stadt Essen. Der Essener Skiklub ist sehr schnell eine Kooperation mit dem alpincenter eingegangen und seither ist die l\u00e4ngste Skihalle der Erde der Trainingsst\u00fctzpunkt f\u00fcr unz\u00e4hlige Skisportler aller Altersklassen gewesen. Mit der Er\u00f6ffnung der Skihalle bl\u00fchte auch der alpine Wettkampfsport im ESK wieder auf, nachdem dieser zuvor einige Jahre zum Erliegen gekommen war. Das Trainertrio Norbert Brauksiepe, Stefan Nieh\u00fcser und Ulrich Venten gestaltete seither das skisportliche Vereinsleben in vielerlei Facetten entscheidend mit. Nach knapp 20 Jahren Rennteam im ESK sind nun einige Kids von damals heute selbst als Trainer aktiv und beleben so nun selbst die Jugendarbeit im Verein.<\/p>\n<p>Bereits im Jahr 2005 wurde seitens des Vorstands beschlossen, sich dem Konzept der DSV-Skischulen anzuschlie\u00dfen und so wurde die &#8222;DSV-Skischule Essener Skiklub&#8220;\u00a0 gegr\u00fcndet. Das Siegel &#8222;DSV-Skischule&#8220; steht f\u00fcr Qualit\u00e4t im Skischulwesen und pr\u00e4gt seitdem auch die Vereinsarbeit. So kamen die Skilehrer unserer vereinseigenen Skischule nicht nur beim Training in Bottrop zum Einsatz, sondern auch bei den gro\u00dfen Treffen in den Weihnachtsferien in Burgeis am Reschenpass und in den Osterferien in Grimentz im Wallis.<\/p>\n<p>Jahrzehntelang hat der Essener Skiklub den traditionellen Isenburglauf zwischen Mondscheinwiese, Baldeneysee und Isenburg ausgerichtet. Infolge des Pfingststurms Ela im Jahr 2014 kam es hier zu einem traurigen Einschnitt. Der Lauf konnte in diesem und im folgenden Jahr nicht wie gewohnt organisiert werden und so kam es leider dazu, dass der Lauf seither gar nicht mehr stattgefunden hat.<\/p>\n<p>Im Jahr 2013 wurde Christian Neuhaus zum Vorsitzenden gew\u00e4hlt. Nach seinem Ausscheiden aus dem Amt im Jahre 2019, bleib der Posten des Vorsitzenden vakant. So wird der Verein nun vom verblieben gesch\u00e4ftsf\u00fchrenden Vorstand um Gesch\u00e4ftsf\u00fchrer Stefan Nieh\u00fcser und Finanzvorstand Werner Heinze gef\u00fchrt. <\/div><\/div>\n<div class=\"su-spoiler su-spoiler-style-simple su-spoiler-icon-plus su-spoiler-closed\" data-scroll-offset=\"0\" data-anchor-in-url=\"no\"><div class=\"su-spoiler-title\" tabindex=\"0\" role=\"button\"><span class=\"su-spoiler-icon\"><\/span>Die Vorsitzenden des Essener Skiklubs von 1908 bis 2023<\/div><div class=\"su-spoiler-content su-u-clearfix su-u-trim\">\n<table style=\"height: 979px;\" width=\"608\">\n<tbody>\n<tr>\n<td><strong>Amtszeit<\/strong><\/td>\n<td><strong>Vorsitzender<\/strong><\/td>\n<\/tr>\n<tr>\n<td width=\"97\">1908 &#8211; 1914<\/td>\n<td width=\"331\">Dr. Spillner<\/td>\n<\/tr>\n<tr>\n<td width=\"97\">1914 &#8211; 1921<\/td>\n<td width=\"331\"><a href=\"https:\/\/de.wikipedia.org\/wiki\/Ernst_Link\" target=\"_blank\" rel=\"noopener noreferrer\">Dr. Ernst Link<\/a> (Erbauer der M\u00f6hnetalsperre)<\/td>\n<\/tr>\n<tr>\n<td width=\"97\">1921 &#8211; 1926<\/td>\n<td width=\"331\">Olfe Bergass<\/td>\n<\/tr>\n<tr>\n<td width=\"97\">1926 &#8211; 1932<\/td>\n<td width=\"331\">Otto Kn\u00fcmann<\/td>\n<\/tr>\n<tr>\n<td width=\"97\">1932 &#8211; 1939<\/td>\n<td width=\"331\">Hans Sch\u00f6ning (Erbauer der H\u00fctte)<\/td>\n<\/tr>\n<tr>\n<td width=\"97\">1939 &#8211; 1945<\/td>\n<td width=\"331\">Paul Trachte<\/td>\n<\/tr>\n<tr>\n<td width=\"97\">1945 &#8211; 1947<\/td>\n<td width=\"331\">Otto Kn\u00fcmann<\/td>\n<\/tr>\n<tr>\n<td width=\"97\">1947 &#8211; 1948<\/td>\n<td width=\"331\">Wilhelm Schmale (Interims-Vorsitzender)<\/td>\n<\/tr>\n<tr>\n<td width=\"97\">1948 &#8211; 1962<\/td>\n<td width=\"331\">Paul Trachte<\/td>\n<\/tr>\n<tr>\n<td width=\"97\">1962 &#8211; 1970<\/td>\n<td width=\"331\">Werner Schmidt<\/td>\n<\/tr>\n<tr>\n<td width=\"97\">1970 &#8211; 1980<\/td>\n<td width=\"331\">Bernd Bauer<\/td>\n<\/tr>\n<tr>\n<td width=\"97\">1980 &#8211; 1986<\/td>\n<td width=\"331\">Wolfgang K\u00fcppers<\/td>\n<\/tr>\n<tr>\n<td width=\"97\">1986 &#8211; 2006<\/td>\n<td width=\"331\">Ulrich Mohaupt<\/td>\n<\/tr>\n<tr>\n<td width=\"97\">2006 &#8211; 2013<\/td>\n<td width=\"331\">Thomas Weber<\/td>\n<\/tr>\n<tr>\n<td>2013 &#8211; 2019<\/td>\n<td>Christian Neuhaus<\/td>\n<\/tr>\n<tr>\n<td>2019 &#8211; 2023<\/td>\n<td>Die Position des Vorsitzenden war in dieser Zeit vakant. Werner Heinze und Stefan Nieh\u00fcser haben den Verein als gesch\u00e4ftsf\u00fchrende Vorst\u00e4nde gemeinsam gef\u00fchrt. Durch eine Satzungs\u00e4nderung im Jahr 2023 wurde schlie\u00dflich die Position des Vorsitzenden abgeschafft.<\/td>\n<\/tr>\n<\/tbody>\n<\/table>\n<\/div><\/div>\n<div class=\"su-spoiler su-spoiler-style-simple su-spoiler-icon-plus su-spoiler-closed\" data-scroll-offset=\"0\" data-anchor-in-url=\"no\"><div class=\"su-spoiler-title\" tabindex=\"0\" role=\"button\"><span class=\"su-spoiler-icon\"><\/span>Die Gesch\u00e4ftsf\u00fchrer des Essener Skiklubs seit 2023<\/div><div class=\"su-spoiler-content su-u-clearfix su-u-trim\">\n<table width=\"608\">\n<tbody>\n<tr>\n<td><strong>Amtszeit<\/strong><\/td>\n<td><strong>Gesch\u00e4ftsf\u00fchrer<\/strong><\/td>\n<\/tr>\n<tr>\n<td width=\"97\">seit 2023<\/td>\n<td width=\"331\">Werner Heinze, Stefan Nieh\u00fcser<\/td>\n<\/tr>\n<\/tbody>\n<\/table>\n<\/div><\/div>\n<div class=\"su-spoiler su-spoiler-style-simple su-spoiler-icon-plus su-spoiler-closed\" data-scroll-offset=\"0\" data-anchor-in-url=\"no\"><div class=\"su-spoiler-title\" tabindex=\"0\" role=\"button\"><span class=\"su-spoiler-icon\"><\/span>Ehrungen - Sportler des Jahres<\/div><div class=\"su-spoiler-content su-u-clearfix su-u-trim\">\n<table width=\"680\">\n<tbody>\n<tr>\n<td><strong>Jahr<\/strong><\/td>\n<td><strong>Sportler<\/strong><\/td>\n<td><strong>Disziplin \/ besonderes Engagement f\u00fcr den Verein<br \/>\n<\/strong><\/td>\n<\/tr>\n<tr>\n<td>2024<\/td>\n<td>Philipp d&#8217;Anterroches<\/td>\n<td>Ski Alpin (DSV-Sch\u00fcler-Rennen)<\/td>\n<\/tr>\n<tr>\n<td>2023<\/td>\n<td>Ulrich Venten<\/td>\n<td>Ski Alpin \/ Cheftrainer seit 2014<\/td>\n<\/tr>\n<tr>\n<td>2022<\/td>\n<td>Werner Heinze<\/td>\n<td>Breitensport \/ 25 Jahre Finanzvorstand<\/td>\n<\/tr>\n<tr>\n<td>2021<\/td>\n<td>&#8211; <em>keine Ehrung<\/em> &#8211;<\/td>\n<td><\/td>\n<\/tr>\n<tr>\n<td>2020<\/td>\n<td>&#8211; <em>keine Ehrung<\/em> &#8211;<\/td>\n<td><\/td>\n<\/tr>\n<tr>\n<td>2019<\/td>\n<td>Peter Beckmann<\/td>\n<td>Wandern<\/td>\n<\/tr>\n<tr>\n<td>2018<\/td>\n<td>Christian Neuhaus<\/td>\n<td>Ski Alpin<\/td>\n<\/tr>\n<tr>\n<td>2017<\/td>\n<td>Karla Lobitz<\/td>\n<td>Ski Alpin<\/td>\n<\/tr>\n<tr>\n<td>2016<\/td>\n<td>&#8211; <em>keine Ehrung<\/em> &#8211;<\/td>\n<td><\/td>\n<\/tr>\n<tr>\n<td>2015<\/td>\n<td>Bertold Lobitz<\/td>\n<td>Ski Alpin (FIS Masters-Rennen)<\/td>\n<\/tr>\n<tr>\n<td>2014<\/td>\n<td>&#8211; <em>keine Ehrung<\/em> &#8211;<\/td>\n<td><\/td>\n<\/tr>\n<tr>\n<td>2013<\/td>\n<td>&#8211;\u00a0<em>keine Ehrung<\/em>\u00a0&#8211;<\/td>\n<td><\/td>\n<\/tr>\n<tr>\n<td>2012<\/td>\n<td>Michelle Harzheim<\/td>\n<td>Ski Alpin (Essener Stadtmeisterschaften)<\/td>\n<\/tr>\n<tr>\n<td>2011<\/td>\n<td>Roger Bollmann<\/td>\n<td>Ski Alpin (DSV-Punkterennen)<\/td>\n<\/tr>\n<tr>\n<td>2010<\/td>\n<td>Christian Flores<\/td>\n<td>Ski Alpin (Essener Stadtmeisterschaften)<\/td>\n<\/tr>\n<tr>\n<td>2009<\/td>\n<td>Andreas Golec<\/td>\n<td>Ski Alpin (FIS Masters &#8222;Senioren Weltcup&#8220;)<\/td>\n<\/tr>\n<\/tbody>\n<\/table>\n<\/div><\/div>\n","protected":false},"excerpt":{"rendered":"<p>Aktuell sind wir 117 Jahre alt. Im Jahre 2019 haben wir unseren Geburtstag mit der sch\u00f6nen Zahl 111 zum Anlass genommen, ein kleines Sommerfest f\u00fcr alle Mitglieder und Freunde des &hellip; <a href=\"https:\/\/www.essener-skiklub.de\/?page_id=11\" class=\"more-link\"><span class=\"screen-reader-text\">Skiklub-Portrait<\/span> weiterlesen <span class=\"meta-nav\">&rarr;<\/span><\/a><\/p>\n","protected":false},"author":1,"featured_media":0,"parent":0,"menu_order":0,"comment_status":"closed","ping_status":"closed","template":"","meta":{"footnotes":""},"class_list":["post-11","page","type-page","status-publish","hentry"],"_links":{"self":[{"href":"https:\/\/www.essener-skiklub.de\/index.php?rest_route=\/wp\/v2\/pages\/11","targetHints":{"allow":["GET"]}}],"collection":[{"href":"https:\/\/www.essener-skiklub.de\/index.php?rest_route=\/wp\/v2\/pages"}],"about":[{"href":"https:\/\/www.essener-skiklub.de\/index.php?rest_route=\/wp\/v2\/types\/page"}],"author":[{"embeddable":true,"href":"https:\/\/www.essener-skiklub.de\/index.php?rest_route=\/wp\/v2\/users\/1"}],"replies":[{"embeddable":true,"href":"https:\/\/www.essener-skiklub.de\/index.php?rest_route=%2Fwp%2Fv2%2Fcomments&post=11"}],"version-history":[{"count":26,"href":"https:\/\/www.essener-skiklub.de\/index.php?rest_route=\/wp\/v2\/pages\/11\/revisions"}],"predecessor-version":[{"id":2053,"href":"https:\/\/www.essener-skiklub.de\/index.php?rest_route=\/wp\/v2\/pages\/11\/revisions\/2053"}],"wp:attachment":[{"href":"https:\/\/www.essener-skiklub.de\/index.php?rest_route=%2Fwp%2Fv2%2Fmedia&parent=11"}],"curies":[{"name":"wp","href":"https:\/\/api.w.org\/{rel}","templated":true}]}}