{"id":1440,"date":"2020-04-20T12:59:52","date_gmt":"2020-04-20T12:59:52","guid":{"rendered":"http:\/\/www.essener-skiklub.de\/?page_id=1440"},"modified":"2026-02-24T19:33:37","modified_gmt":"2026-02-24T17:33:37","slug":"ski-opening-2020","status":"publish","type":"page","link":"https:\/\/www.essener-skiklub.de\/?page_id=1440","title":{"rendered":"Skiopening 2026"},"content":{"rendered":"\n<h3 class=\"wp-block-heading\">Termin<\/h3>\n\n\n\n<p>Sonntag, 29. November &#8211; Samstag, 5. Dezember 2026<\/p>\n\n\n\n<h3 class=\"wp-block-heading\">Ort<\/h3>\n\n\n\n<p>Neustift im Stubaital (AUT)<\/p>\n\n\n\n<h3 class=\"wp-block-heading\">Unterkunft<\/h3>\n\n\n\n<p>****Hotel Fernau<\/p>\n\n\n\n<h3 class=\"wp-block-heading\">Skigebiet<\/h3>\n\n\n\n<p>Stubaier Gletscher<\/p>\n\n\n\n<h3 class=\"wp-block-heading\">Teilnehmer:innen<\/h3>\n\n\n\n<p>min. 15 Personen, max. 25 Personen (Erwachsene)<\/p>\n\n\n\n<h3 class=\"wp-block-heading\">Fahrtenleitung<\/h3>\n\n\n\n<p>Norbert Brauksiepe<\/p>\n\n\n\n<h3 class=\"wp-block-heading\">Leistungen<\/h3>\n\n\n\n<p>6 Tage Halbpension<br>5 Tage Skipass<br>Ortstaxe<br>skifahrerische Betreuung<br>Insolvenzversicherung<\/p>\n\n\n\n<h3 class=\"wp-block-heading\">Kosten<\/h3>\n\n\n\n<p>im Doppelzimmer: 900,00 \u20ac<br>im Doppelzimmer Komfort: 930,00 \u20ac<br>im Doppelzimmer Superior: 970,00 \u20ac<br>im Einzelzimmer (nur begrenzt verf\u00fcgbar): 970,00 \u20ac<br>im Einzelzimmer Komfort (nur begrenzt verf\u00fcgbar): 1.030,00 \u20ac<br><br>Achtung: Die Preise k\u00f6nnen sich aufgrund evtl. h\u00f6herer Skipasspreise noch ver\u00e4ndern.<\/p>\n\n\n\n<h3 class=\"wp-block-heading\">Reisebeschreibung<\/h3>\n\n\n\n<p>Unser Opening f\u00fchrt uns 2026 wieder ins Stubaital. Wir wohnen im ****Hotel Fernau in Neustift.<br><br>Betreut werdet ihr von den Skilehrern unserer DSV-Skischule, die euch gerne \u2013 egal ob Wiedereinsteiger oder K\u00f6nner \u2013 auf Wunsch die entscheidenden Tipps geben k\u00f6nnen.<br><br>F\u00fcr die Sportreisen des ESK besteht f\u00fcr Mitglieder Versicherungsschutz \u00fcber die ARAG. Der ESK weist ausdr\u00fccklich darauf hin, dass der Verein f\u00fcr G\u00e4ste\/Nichtmitglieder keine Haftung \u00fcbernimmt und daher dazu r\u00e4t eine Haftpflicht-, Unfall-, Reisegep\u00e4ck- und Auslandskrankenversicherung abzuschlie\u00dfen. Mit der Anmeldung akzeptiert jeder Teilnehmende diesen Haftungsausschluss.<br><br><strong>****Hotel Fernau<br><\/strong>Das Vier-Sterne-Hotel war bereits mehrfach unsere Basis f\u00fcr ein Skiopening. Die Teilnehmer waren immer zufrieden.<br><em>Ausstattung:<\/em> Alle Zimmer verf\u00fcgen \u00fcber, Bad u. WC, Telefon, Radio, Safe, Minibar, F\u00f6n, Kabel- u. Sky- TV und meist auch Balkon. Die Ben\u00fctzung des Wellnessbereiches mit Finnischer Sauna, T\u00fcrkischem Dampfbad, Hot-Whirlpool und gro\u00dfz\u00fcgiger Entspannungsinsel ist frei.<br>An der Bar oder vor dem Kamin kann man den Tag ruhig ausklingen lassen.<br><em>Verpflegung:<\/em> morgens Schlemmer-Fr\u00fchst\u00fccksbuffet mit Bioecke, abends Salatbuffet im 4-Gang-Men\u00fc (auf Wunsch vegetarisch)<br><em>Lage:<\/em> Unser Hotel liegt in Neustift \u2013 ruhig und erholsam am Ortsende \u2013 der Ortskern ist in 7 Minuten zu Fu\u00df erreichbar. Der Skibus h\u00e4lt direkt vor dem Haus.<br><br><strong>Stubaier Gletscher<br><\/strong>Das mit 110 Pistenkilometern gr\u00f6\u00dfte Gletscherskigebiet in \u00d6sterreich beginnt auf 1750 Metern an der Talstation. Der h\u00f6chste Lift endet bei \u00fcber 3200 Metern. Gute Schneeverh\u00e4ltnisse mit leichten bis anspruchsvolle Pisten sind bereits ab Oktober garantiert.<\/p>\n\n\n\n<h3 class=\"wp-block-heading\">Informationen &amp; Anmeldung<\/h3>\n\n\n\n<p>Die Anmeldung ist ab sofort per E-Mail an Norbert Brauksiepe m\u00f6glich. Norbert steht auch f\u00fcr R\u00fcckfragen sowie weitergehende Informationen zur Verf\u00fcgung.<br><br>E-Mail: <a href=\"mailto:norbert.brauksiepe@essener-skiklub.de\">norbert.brauksiepe@essener-skiklub.de<\/a>  <br>Telefon: +49 (0)201 8715285<br>Mobiltelefon: +49 (0)172 2538568<\/p>\n\n\n\n<h3 class=\"wp-block-heading\">Videos<\/h3>\n\n\n\n<p>Impressionen vom Ski-Opening 2015 im Stubaital<br><iframe loading=\"lazy\" src=\"https:\/\/www.youtube.com\/embed\/xDGpAexqnkc\" allowfullscreen=\"allowfullscreen\" width=\"560\" height=\"315\" frameborder=\"0\"><\/p>\n","protected":false},"excerpt":{"rendered":"<p>Termin Sonntag, 29. November &#8211; Samstag, 5. Dezember 2026 Ort Neustift im Stubaital (AUT) Unterkunft ****Hotel Fernau Skigebiet Stubaier Gletscher Teilnehmer:innen min. 15 Personen, max. 25 Personen (Erwachsene) Fahrtenleitung Norbert &hellip; <a href=\"https:\/\/www.essener-skiklub.de\/?page_id=1440\" class=\"more-link\"><span class=\"screen-reader-text\">Skiopening 2026<\/span> weiterlesen <span class=\"meta-nav\">&rarr;<\/span><\/a><\/p>\n","protected":false},"author":4,"featured_media":0,"parent":0,"menu_order":0,"comment_status":"closed","ping_status":"closed","template":"","meta":{"footnotes":""},"class_list":["post-1440","page","type-page","status-publish","hentry"],"_links":{"self":[{"href":"https:\/\/www.essener-skiklub.de\/index.php?rest_route=\/wp\/v2\/pages\/1440","targetHints":{"allow":["GET"]}}],"collection":[{"href":"https:\/\/www.essener-skiklub.de\/index.php?rest_route=\/wp\/v2\/pages"}],"about":[{"href":"https:\/\/www.essener-skiklub.de\/index.php?rest_route=\/wp\/v2\/types\/page"}],"author":[{"embeddable":true,"href":"https:\/\/www.essener-skiklub.de\/index.php?rest_route=\/wp\/v2\/users\/4"}],"replies":[{"embeddable":true,"href":"https:\/\/www.essener-skiklub.de\/index.php?rest_route=%2Fwp%2Fv2%2Fcomments&post=1440"}],"version-history":[{"count":11,"href":"https:\/\/www.essener-skiklub.de\/index.php?rest_route=\/wp\/v2\/pages\/1440\/revisions"}],"predecessor-version":[{"id":2121,"href":"https:\/\/www.essener-skiklub.de\/index.php?rest_route=\/wp\/v2\/pages\/1440\/revisions\/2121"}],"wp:attachment":[{"href":"https:\/\/www.essener-skiklub.de\/index.php?rest_route=%2Fwp%2Fv2%2Fmedia&parent=1440"}],"curies":[{"name":"wp","href":"https:\/\/api.w.org\/{rel}","templated":true}]}}