{"id":17,"date":"2016-04-29T13:10:24","date_gmt":"2016-04-29T13:10:24","guid":{"rendered":"http:\/\/wordpress.essener-skiklub.de\/?page_id=17"},"modified":"2021-03-21T20:44:19","modified_gmt":"2021-03-21T18:44:19","slug":"kleinbus","status":"publish","type":"page","link":"https:\/\/www.essener-skiklub.de\/?page_id=17","title":{"rendered":"Kleinbus"},"content":{"rendered":"<p>Der vorerst letzte Skiklub-Kleinbus war ein Ford Transit mit neun Sitzpl\u00e4tzen, \u00fcber den der Skiklub vom 14.10.2019 bis zum 12.10.2020 verf\u00fcgte. Infolge der Corona-Pandemie und einem damit einhergehenden monatelangen Stillstand des Fahrzeugs, war die Finanzierung eines Folgefahrzeugs aus Sicht des Vorstands nicht mehr verantwortbar.\u00a0 Aktuell besitzt der ESK deshalb leider keinen Kleinbus mehr.<\/p>\n<p>Eine \u00dcbersicht aller bisherigen Skiklub-Kleinbusse findet ihr unten.<\/p>\n<p>Wir danken der SIGNAL IDUNA Genereal Agentur Frank Moelich f\u00fcr einen Spendenbeitrag.<\/p>\n<p class=\"ox-e031f5e7d8-MsoNormal\"><div class=\"su-spoiler su-spoiler-style-simple su-spoiler-icon-plus su-spoiler-closed\" data-scroll-offset=\"0\" data-anchor-in-url=\"no\"><div class=\"su-spoiler-title\" tabindex=\"0\" role=\"button\"><span class=\"su-spoiler-icon\"><\/span>Anmietung und Preise<\/div><div class=\"su-spoiler-content su-u-clearfix su-u-trim\">\n<p>In den folgenden Dokumenten findet ihr Informationen zur Nutzung des Kleinbusses.<\/p>\n<p><a href=\"http:\/\/www.essener-skiklub.de\/wp-content\/uploads\/2019\/11\/Kleinbus-2019-Nutzungskosten.pdf\" class=\"mtli_attachment mtli_pdf\" target=\"_blank\" rel=\"noopener noreferrer\">Nutzungkosten<\/a><br \/>\n<a href=\"http:\/\/essener-skiklub.de\/wp-content\/uploads\/2019\/11\/Kleinbus-2019-Nutzungsbestimmungen-1.pdf\" class=\"mtli_attachment mtli_pdf\" target=\"_blank\" rel=\"noopener noreferrer\">Nutzungsbestimmungen<\/a><br \/>\n<a href=\"http:\/\/www.essener-skiklub.de\/wp-content\/uploads\/2019\/11\/Kleinbus-2019-Merkblatt.pdf\" class=\"mtli_attachment mtli_pdf\" target=\"_blank\" rel=\"noopener noreferrer\">Merkblatt f\u00fcr Fahrzeugf\u00fchrer<\/a><\/p>\n<p><!--more--><\/p>\n<p><strong>Kontakt Disposition\u00a0Bus<\/strong><\/p>\n<table width=\"300\">\n<tbody>\n<tr>\n<td><strong>Stefan Nieh\u00fcser<\/strong><br \/>\nMobiltelefon: +49 (0)177 818 40 37<br \/>\nstefan.niehueser@essener-skiklub.de<br \/>\n<span style=\"font-size: 16px;\">\u00a0<\/span><\/p>\n<p><strong>Aufgaben:<\/strong><\/p>\n<ul>\n<li>Terminvergabe<\/li>\n<li>Rechnungsstellung<\/li>\n<\/ul>\n<\/td>\n<td><strong>Norbert Brauksiepe<\/strong><br \/>\nTelefon privat: +49 (0)201 871 52 85<br \/>\nMobiltelefon: +49 (0)172 253 85 68<br \/>\nnorbert.brauksiepe@essener-skiklub.de<\/p>\n<p><strong>Aufgaben:<\/strong><\/p>\n<ul>\n<li>\u00dcbergabeverfahren<\/li>\n<li>technische Betreuung<\/li>\n<\/ul>\n<\/td>\n<\/tr>\n<\/tbody>\n<\/table>\n<\/div><\/div>\n<div class=\"su-spoiler su-spoiler-style-simple su-spoiler-icon-plus su-spoiler-closed\" data-scroll-offset=\"0\" data-anchor-in-url=\"no\"><div class=\"su-spoiler-title\" tabindex=\"0\" role=\"button\"><span class=\"su-spoiler-icon\"><\/span>Bisherige Kleinbusse des Essener Skiklubs<\/div><div class=\"su-spoiler-content su-u-clearfix su-u-trim\">\n<p><a href=\"http:\/\/www.essener-skiklub.de\/wp-content\/uploads\/2018\/06\/IMG_5185.jpg\"><img loading=\"lazy\" decoding=\"async\" class=\"alignnone size-medium wp-image-1042\" src=\"http:\/\/www.essener-skiklub.de\/wp-content\/uploads\/2018\/06\/IMG_5185-300x225.jpg\" alt=\"\" width=\"300\" height=\"225\" srcset=\"https:\/\/www.essener-skiklub.de\/wp-content\/uploads\/2018\/06\/IMG_5185-300x225.jpg 300w, https:\/\/www.essener-skiklub.de\/wp-content\/uploads\/2018\/06\/IMG_5185-768x576.jpg 768w, https:\/\/www.essener-skiklub.de\/wp-content\/uploads\/2018\/06\/IMG_5185-1024x768.jpg 1024w\" sizes=\"auto, (max-width: 300px) 100vw, 300px\" \/><\/a><a href=\"http:\/\/www.essener-skiklub.de\/wp-content\/uploads\/2018\/06\/IMG_5182.jpg\"><img loading=\"lazy\" decoding=\"async\" class=\"alignnone size-medium wp-image-1041\" src=\"http:\/\/www.essener-skiklub.de\/wp-content\/uploads\/2018\/06\/IMG_5182-300x225.jpg\" alt=\"\" width=\"300\" height=\"225\" srcset=\"https:\/\/www.essener-skiklub.de\/wp-content\/uploads\/2018\/06\/IMG_5182-300x225.jpg 300w, https:\/\/www.essener-skiklub.de\/wp-content\/uploads\/2018\/06\/IMG_5182-768x576.jpg 768w, https:\/\/www.essener-skiklub.de\/wp-content\/uploads\/2018\/06\/IMG_5182-1024x768.jpg 1024w\" sizes=\"auto, (max-width: 300px) 100vw, 300px\" \/><\/a><br \/>\n01.02.2018 &#8211; 05.02.2019<\/p>\n<p><img loading=\"lazy\" decoding=\"async\" class=\"alignnone size-medium wp-image-767\" src=\"http:\/\/www.essener-skiklub.de\/wp-content\/uploads\/2016\/04\/20170311_164759-300x169.jpg\" alt=\"Bus Citroen Jumper\" width=\"300\" height=\"169\" srcset=\"https:\/\/www.essener-skiklub.de\/wp-content\/uploads\/2016\/04\/20170311_164759-300x169.jpg 300w, https:\/\/www.essener-skiklub.de\/wp-content\/uploads\/2016\/04\/20170311_164759-768x432.jpg 768w, https:\/\/www.essener-skiklub.de\/wp-content\/uploads\/2016\/04\/20170311_164759-1024x576.jpg 1024w\" sizes=\"auto, (max-width: 300px) 100vw, 300px\" \/><br \/>\n01.02.2017 &#8211; 31.01.2018 (Citroen Jumper)<\/p>\n<p class=\"ox-d8e029dafa-MsoNormal\"><img loading=\"lazy\" decoding=\"async\" class=\"alignnone wp-image-616 size-medium\" src=\"http:\/\/www.essener-skiklub.de\/wp-content\/uploads\/2016\/04\/kleinbus_2016_2-300x181.jpg\" alt=\"kleinbus_2016_2\" width=\"300\" height=\"181\" srcset=\"https:\/\/www.essener-skiklub.de\/wp-content\/uploads\/2016\/04\/kleinbus_2016_2-300x181.jpg 300w, https:\/\/www.essener-skiklub.de\/wp-content\/uploads\/2016\/04\/kleinbus_2016_2-768x464.jpg 768w, https:\/\/www.essener-skiklub.de\/wp-content\/uploads\/2016\/04\/kleinbus_2016_2-1024x618.jpg 1024w, https:\/\/www.essener-skiklub.de\/wp-content\/uploads\/2016\/04\/kleinbus_2016_2.jpg 1544w\" sizes=\"auto, (max-width: 300px) 100vw, 300px\" \/><br \/>\n02.02.2016 &#8211; 31.01.2017 (VW Multivan T6)<\/p>\n<p><img loading=\"lazy\" decoding=\"async\" class=\"wp-image-140 size-medium\" src=\"http:\/\/www.essener-skiklub.de\/wp-content\/uploads\/2016\/04\/kleinbusse_2012-300x146.jpg\" width=\"300\" height=\"146\" srcset=\"https:\/\/www.essener-skiklub.de\/wp-content\/uploads\/2016\/04\/kleinbusse_2012-300x146.jpg 300w, https:\/\/www.essener-skiklub.de\/wp-content\/uploads\/2016\/04\/kleinbusse_2012.jpg 551w\" sizes=\"auto, (max-width: 300px) 100vw, 300px\" \/><br \/>\n10.12.2012 &#8211; 06.02.2015 (Opel Vivaro 1.9 DTI &#8211; im Bild links)<br \/>\n09.12.2011 &#8211; 10.12.2012 (Renault Traffic 1.9 cdi &#8211; im Bild rechts)<\/p>\n<p><img loading=\"lazy\" decoding=\"async\" class=\"alignnone wp-image-138 size-medium\" src=\"http:\/\/www.essener-skiklub.de\/wp-content\/uploads\/2016\/04\/kleinbus_2011-300x154.jpg\" width=\"300\" height=\"154\" srcset=\"https:\/\/www.essener-skiklub.de\/wp-content\/uploads\/2016\/04\/kleinbus_2011-300x154.jpg 300w, https:\/\/www.essener-skiklub.de\/wp-content\/uploads\/2016\/04\/kleinbus_2011.jpg 550w\" sizes=\"auto, (max-width: 300px) 100vw, 300px\" \/><br \/>\n09.12.2010 &#8211; 09.12.2011 (Renault Traffic 1.9 cdi)<\/p>\n<p><img loading=\"lazy\" decoding=\"async\" class=\"wp-image-139 size-medium\" src=\"http:\/\/www.essener-skiklub.de\/wp-content\/uploads\/2016\/04\/kleinbusse_2010-300x92.jpg\" width=\"300\" height=\"92\" srcset=\"https:\/\/www.essener-skiklub.de\/wp-content\/uploads\/2016\/04\/kleinbusse_2010-300x92.jpg 300w, https:\/\/www.essener-skiklub.de\/wp-content\/uploads\/2016\/04\/kleinbusse_2010.jpg 550w\" sizes=\"auto, (max-width: 300px) 100vw, 300px\" \/><br \/>\n05.10.2009 &#8211; 01.10.2010 (Renault Traffic 1.9 cdi &#8211; im Bild links)<br \/>\n05.12.2003 &#8211; 06.12.2009 (Opel Vivaro 1.9 DTI &#8211; im Bild rechts, sp\u00e4ter im Besitz von Fam. M\u00fcller)<\/div><\/div>\n","protected":false},"excerpt":{"rendered":"<p>Der vorerst letzte Skiklub-Kleinbus war ein Ford Transit mit neun Sitzpl\u00e4tzen, \u00fcber den der Skiklub vom 14.10.2019 bis zum 12.10.2020 verf\u00fcgte. Infolge der Corona-Pandemie und einem damit einhergehenden monatelangen Stillstand &hellip; <a href=\"https:\/\/www.essener-skiklub.de\/?page_id=17\" class=\"more-link\"><span class=\"screen-reader-text\">Kleinbus<\/span> weiterlesen <span class=\"meta-nav\">&rarr;<\/span><\/a><\/p>\n","protected":false},"author":1,"featured_media":0,"parent":0,"menu_order":0,"comment_status":"closed","ping_status":"closed","template":"","meta":{"footnotes":""},"class_list":["post-17","page","type-page","status-publish","hentry"],"_links":{"self":[{"href":"https:\/\/www.essener-skiklub.de\/index.php?rest_route=\/wp\/v2\/pages\/17","targetHints":{"allow":["GET"]}}],"collection":[{"href":"https:\/\/www.essener-skiklub.de\/index.php?rest_route=\/wp\/v2\/pages"}],"about":[{"href":"https:\/\/www.essener-skiklub.de\/index.php?rest_route=\/wp\/v2\/types\/page"}],"author":[{"embeddable":true,"href":"https:\/\/www.essener-skiklub.de\/index.php?rest_route=\/wp\/v2\/users\/1"}],"replies":[{"embeddable":true,"href":"https:\/\/www.essener-skiklub.de\/index.php?rest_route=%2Fwp%2Fv2%2Fcomments&post=17"}],"version-history":[{"count":23,"href":"https:\/\/www.essener-skiklub.de\/index.php?rest_route=\/wp\/v2\/pages\/17\/revisions"}],"predecessor-version":[{"id":1774,"href":"https:\/\/www.essener-skiklub.de\/index.php?rest_route=\/wp\/v2\/pages\/17\/revisions\/1774"}],"wp:attachment":[{"href":"https:\/\/www.essener-skiklub.de\/index.php?rest_route=%2Fwp%2Fv2%2Fmedia&parent=17"}],"curies":[{"name":"wp","href":"https:\/\/api.w.org\/{rel}","templated":true}]}}

<p>Der vorerst letzte Skiklub-Kleinbus war ein Ford Transit mit neun Sitzplätzen, über den der Skiklub vom 14.10.2019 bis zum 12.10.2020 verfügte. Infolge der Corona-Pandemie und einem damit einhergehenden monatelangen Stillstand des Fahrzeugs, war die Finanzierung eines Folgefahrzeugs aus Sicht des Vorstands nicht mehr verantwortbar.  Aktuell besitzt der ESK deshalb leider keinen Kleinbus mehr.</p>
<p>Eine Übersicht aller bisherigen Skiklub-Kleinbusse findet ihr unten.</p>
<p>Wir danken der SIGNAL IDUNA Genereal Agentur Frank Moelich für einen Spendenbeitrag.</p>
<p class="ox-e031f5e7d8-MsoNormal"><div class="su-spoiler su-spoiler-style-simple su-spoiler-icon-plus su-spoiler-closed" data-scroll-offset="0" data-anchor-in-url="no"><div class="su-spoiler-title" tabindex="0" role="button"><span class="su-spoiler-icon"></span>Anmietung und Preise</div><div class="su-spoiler-content su-u-clearfix su-u-trim">
<p>In den folgenden Dokumenten findet ihr Informationen zur Nutzung des Kleinbusses.</p>
<p><a href="http://www.essener-skiklub.de/wp-content/uploads/2019/11/Kleinbus-2019-Nutzungskosten.pdf" class="mtli_attachment mtli_pdf" target="_blank" rel="noopener noreferrer">Nutzungkosten</a><br />
<a href="http://essener-skiklub.de/wp-content/uploads/2019/11/Kleinbus-2019-Nutzungsbestimmungen-1.pdf" class="mtli_attachment mtli_pdf" target="_blank" rel="noopener noreferrer">Nutzungsbestimmungen</a><br />
<a href="http://www.essener-skiklub.de/wp-content/uploads/2019/11/Kleinbus-2019-Merkblatt.pdf" class="mtli_attachment mtli_pdf" target="_blank" rel="noopener noreferrer">Merkblatt für Fahrzeugführer</a></p>
<p><!--more--></p>
<p><strong>Kontakt Disposition Bus</strong></p>
<table width="300">
<tbody>
<tr>
<td><strong>Stefan Niehüser</strong><br />
Mobiltelefon: +49 (0)177 818 40 37<br />
stefan.niehueser@essener-skiklub.de<br />
<span style="font-size: 16px;"> </span></p>
<p><strong>Aufgaben:</strong></p>
<ul>
<li>Terminvergabe</li>
<li>Rechnungsstellung</li>
</ul>
</td>
<td><strong>Norbert Brauksiepe</strong><br />
Telefon privat: +49 (0)201 871 52 85<br />
Mobiltelefon: +49 (0)172 253 85 68<br />
norbert.brauksiepe@essener-skiklub.de</p>
<p><strong>Aufgaben:</strong></p>
<ul>
<li>Übergabeverfahren</li>
<li>technische Betreuung</li>
</ul>
</td>
</tr>
</tbody>
</table>
</div></div>
<div class="su-spoiler su-spoiler-style-simple su-spoiler-icon-plus su-spoiler-closed" data-scroll-offset="0" data-anchor-in-url="no"><div class="su-spoiler-title" tabindex="0" role="button"><span class="su-spoiler-icon"></span>Bisherige Kleinbusse des Essener Skiklubs</div><div class="su-spoiler-content su-u-clearfix su-u-trim">
<p><a href="http://www.essener-skiklub.de/wp-content/uploads/2018/06/IMG_5185.jpg"><img loading="lazy" decoding="async" class="alignnone size-medium wp-image-1042" src="http://www.essener-skiklub.de/wp-content/uploads/2018/06/IMG_5185-300x225.jpg" alt="" width="300" height="225" srcset="https://www.essener-skiklub.de/wp-content/uploads/2018/06/IMG_5185-300x225.jpg 300w, https://www.essener-skiklub.de/wp-content/uploads/2018/06/IMG_5185-768x576.jpg 768w, https://www.essener-skiklub.de/wp-content/uploads/2018/06/IMG_5185-1024x768.jpg 1024w" sizes="auto, (max-width: 300px) 100vw, 300px" /></a><a href="http://www.essener-skiklub.de/wp-content/uploads/2018/06/IMG_5182.jpg"><img loading="lazy" decoding="async" class="alignnone size-medium wp-image-1041" src="http://www.essener-skiklub.de/wp-content/uploads/2018/06/IMG_5182-300x225.jpg" alt="" width="300" height="225" srcset="https://www.essener-skiklub.de/wp-content/uploads/2018/06/IMG_5182-300x225.jpg 300w, https://www.essener-skiklub.de/wp-content/uploads/2018/06/IMG_5182-768x576.jpg 768w, https://www.essener-skiklub.de/wp-content/uploads/2018/06/IMG_5182-1024x768.jpg 1024w" sizes="auto, (max-width: 300px) 100vw, 300px" /></a><br />
01.02.2018 &#8211; 05.02.2019</p>
<p><img loading="lazy" decoding="async" class="alignnone size-medium wp-image-767" src="http://www.essener-skiklub.de/wp-content/uploads/2016/04/20170311_164759-300x169.jpg" alt="Bus Citroen Jumper" width="300" height="169" srcset="https://www.essener-skiklub.de/wp-content/uploads/2016/04/20170311_164759-300x169.jpg 300w, https://www.essener-skiklub.de/wp-content/uploads/2016/04/20170311_164759-768x432.jpg 768w, https://www.essener-skiklub.de/wp-content/uploads/2016/04/20170311_164759-1024x576.jpg 1024w" sizes="auto, (max-width: 300px) 100vw, 300px" /><br />
01.02.2017 &#8211; 31.01.2018 (Citroen Jumper)</p>
<p class="ox-d8e029dafa-MsoNormal"><img loading="lazy" decoding="async" class="alignnone wp-image-616 size-medium" src="http://www.essener-skiklub.de/wp-content/uploads/2016/04/kleinbus_2016_2-300x181.jpg" alt="kleinbus_2016_2" width="300" height="181" srcset="https://www.essener-skiklub.de/wp-content/uploads/2016/04/kleinbus_2016_2-300x181.jpg 300w, https://www.essener-skiklub.de/wp-content/uploads/2016/04/kleinbus_2016_2-768x464.jpg 768w, https://www.essener-skiklub.de/wp-content/uploads/2016/04/kleinbus_2016_2-1024x618.jpg 1024w, https://www.essener-skiklub.de/wp-content/uploads/2016/04/kleinbus_2016_2.jpg 1544w" sizes="auto, (max-width: 300px) 100vw, 300px" /><br />
02.02.2016 &#8211; 31.01.2017 (VW Multivan T6)</p>
<p><img loading="lazy" decoding="async" class="wp-image-140 size-medium" src="http://www.essener-skiklub.de/wp-content/uploads/2016/04/kleinbusse_2012-300x146.jpg" width="300" height="146" srcset="https://www.essener-skiklub.de/wp-content/uploads/2016/04/kleinbusse_2012-300x146.jpg 300w, https://www.essener-skiklub.de/wp-content/uploads/2016/04/kleinbusse_2012.jpg 551w" sizes="auto, (max-width: 300px) 100vw, 300px" /><br />
10.12.2012 &#8211; 06.02.2015 (Opel Vivaro 1.9 DTI &#8211; im Bild links)<br />
09.12.2011 &#8211; 10.12.2012 (Renault Traffic 1.9 cdi &#8211; im Bild rechts)</p>
<p><img loading="lazy" decoding="async" class="alignnone wp-image-138 size-medium" src="http://www.essener-skiklub.de/wp-content/uploads/2016/04/kleinbus_2011-300x154.jpg" width="300" height="154" srcset="https://www.essener-skiklub.de/wp-content/uploads/2016/04/kleinbus_2011-300x154.jpg 300w, https://www.essener-skiklub.de/wp-content/uploads/2016/04/kleinbus_2011.jpg 550w" sizes="auto, (max-width: 300px) 100vw, 300px" /><br />
09.12.2010 &#8211; 09.12.2011 (Renault Traffic 1.9 cdi)</p>
<p><img loading="lazy" decoding="async" class="wp-image-139 size-medium" src="http://www.essener-skiklub.de/wp-content/uploads/2016/04/kleinbusse_2010-300x92.jpg" width="300" height="92" srcset="https://www.essener-skiklub.de/wp-content/uploads/2016/04/kleinbusse_2010-300x92.jpg 300w, https://www.essener-skiklub.de/wp-content/uploads/2016/04/kleinbusse_2010.jpg 550w" sizes="auto, (max-width: 300px) 100vw, 300px" /><br />
05.10.2009 &#8211; 01.10.2010 (Renault Traffic 1.9 cdi &#8211; im Bild links)<br />
05.12.2003 &#8211; 06.12.2009 (Opel Vivaro 1.9 DTI &#8211; im Bild rechts, später im Besitz von Fam. Müller)</div></div>

<p>Der vorerst letzte Skiklub-Kleinbus war ein Ford Transit mit neun Sitzplätzen, über den der Skiklub vom 14.10.2019 bis zum 12.10.2020 verfügte. Infolge der Corona-Pandemie und einem damit einhergehenden monatelangen Stillstand &hellip; <a href="https://www.essener-skiklub.de/?page_id=17" class="more-link"><span class="screen-reader-text">Kleinbus</span> weiterlesen <span class="meta-nav">&rarr;</span></a></p>
