{"id":85,"date":"2016-04-29T14:47:45","date_gmt":"2016-04-29T14:47:45","guid":{"rendered":"http:\/\/wordpress.essener-skiklub.de\/?page_id=85"},"modified":"2016-05-05T18:30:13","modified_gmt":"2016-05-05T18:30:13","slug":"sportreisen","status":"publish","type":"page","link":"https:\/\/www.essener-skiklub.de\/?page_id=85","title":{"rendered":"Sportreisen"},"content":{"rendered":"<p>Der Essener Skiklub bietet sowohl im Winter als auch im Sommer Sportreisen an.<\/p>\n<p>Im Winter haben wir Reisen f\u00fcr Erwachsene, Jugendliche und Familien im Angebot. Dazu kommen unsere Angebote der DSV-Skischule.<\/p>\n<p>Im Sommer bieten wir j\u00e4hrlich eine Gourmetwanderung an.<\/p>\n<p><span style=\"color: #0070c0;\"><strong>Allgemeine Informationen SPOILER<\/strong><\/span><\/p>\n<p>Die Sportreisen sind das Fahrtenangebot des Essener Skiklubs. Wir hoffen, euch mit unserem Engagement und unseren Ideen, im Winter wie im Sommer Sportreisen anbieten zu k\u00f6nnen, die dem Charakter des Skivereins und euren Vorstellungen voll und ganz gerecht werden.<\/p>\n<p>Hier ein paar Vorteile, die ihr unbedingt mit unseren Sportreisen in Verbindung setzen solltet:<\/p>\n<ul>\n<li>die Mitgliedschaft im Skiklub ist erw\u00fcnscht aber nicht notwendig<\/li>\n<li>kompetente und sportliche Betreuung durch unser Lehrteam<\/li>\n<li>lockere Vereinsatmosph\u00e4re in den Gruppen<\/li>\n<li>qualitativ gute Unterk\u00fcnfte<\/li>\n<\/ul>\n<p><span style=\"color: #0070c0;\"><strong>Wichtige Hinweise SPOILER<\/strong><\/span><\/p>\n<p>Wir sind kein wirtschaftlicher Betrieb und haben deshalb auch nicht das Ziel mit unseren Fahrten Geld zu verdienen. Wir kalkulieren so, dass euer eingesetztes Geld komplett in die Fahrt investiert wird und nicht in andere Vereinsprojekte oder -aktivit\u00e4ten.<\/p>\n<p><strong>Sicherheit<\/strong><strong><br \/>\n<\/strong>Ski und Snowboard fahren macht eine Menge Spa\u00df und birgt aber auch Gefahren. Um etwa die Gefahr von Kopfverletzungen zu vermindern empfehlen wir das Tragen eines Helmes.\u00a0Seit dem Jahre 2004 besteht in Italien f\u00fcr Kinder bis zum 14. Lebensjahr Helmpflicht!\u00a0Fahrt auch Ihr mit Helm!<\/p>\n<p><strong>Mindestteilnehmerzahl<\/strong><strong><br \/>\n<\/strong>F\u00fcr unsere Reisen gilt eine Mindestteilnehmerzahl. Sollte diese nicht erreicht werden ist der Skiklub zum R\u00fccktritt von der Reise berechtigt. Unter bestimmten Voraussetzungen kann eine Reise auch bei Nichterreichen der Mindestteilnehmerzahl durchgef\u00fchrt werden.<\/p>\n<p><strong>Pass- und Gesundheitsvorschriften<\/strong><strong><br \/>\n<\/strong>F\u00fcr unsere angebotenen Skireisen (\u00d6sterreich, Italien etc.) ben\u00f6tigen deutsche Staatsb\u00fcrger einen Personalausweis oder Reisepass, der noch mindestens sechs Monate g\u00fcltig sein muss. Besondere Gesundheitsvorschriften bestehen in diesen L\u00e4ndern momentan nicht (Angabe ohne Gew\u00e4hr).<\/p>\n<p><strong>Versicherungen<\/strong><strong><br \/>\n<\/strong>Zum Leistungeumfang unserer Skireisen geh\u00f6ren die in den Reisebedingungen genannten Versicherungen. \u00dcbderdies hinaus empfehlen wir dringend den privaten Abschluss einer Reise-R\u00fccktrittskosten-Versicherung!<\/p>\n<p><strong>Skiklub-Kleinbus<\/strong><strong><br \/>\n<\/strong>Bei einigen Reisen kommt unser Skiklub-Kleinbus zum Einsatz. Bei der Kaunertal-Reise dar\u00fcber hinaus auch noch weitere angemietete Kleinbusse. Alle Kleinbusse fahren auf Winterreifen und weisen alle gew\u00f6hnlichen Sicherheitsstandards, wie z.B. ABS und Drei-Punkt-Sicherheitsgurte, auf.\u00a0Grunds\u00e4tzlich gilt in allen Fahrzeugen Rauchverbot!\u00a0Raucher kommen bei kurzen Pausen aber auch zu ihrem Recht.<\/p>\n","protected":false},"excerpt":{"rendered":"<p>Der Essener Skiklub bietet sowohl im Winter als auch im Sommer Sportreisen an. Im Winter haben wir Reisen f\u00fcr Erwachsene, Jugendliche und Familien im Angebot. Dazu kommen unsere Angebote der &hellip; <a href=\"https:\/\/www.essener-skiklub.de\/?page_id=85\" class=\"more-link\"><span class=\"screen-reader-text\">Sportreisen<\/span> weiterlesen <span class=\"meta-nav\">&rarr;<\/span><\/a><\/p>\n","protected":false},"author":1,"featured_media":0,"parent":0,"menu_order":0,"comment_status":"closed","ping_status":"closed","template":"","meta":{"footnotes":""},"class_list":["post-85","page","type-page","status-publish","hentry"],"_links":{"self":[{"href":"https:\/\/www.essener-skiklub.de\/index.php?rest_route=\/wp\/v2\/pages\/85","targetHints":{"allow":["GET"]}}],"collection":[{"href":"https:\/\/www.essener-skiklub.de\/index.php?rest_route=\/wp\/v2\/pages"}],"about":[{"href":"https:\/\/www.essener-skiklub.de\/index.php?rest_route=\/wp\/v2\/types\/page"}],"author":[{"embeddable":true,"href":"https:\/\/www.essener-skiklub.de\/index.php?rest_route=\/wp\/v2\/users\/1"}],"replies":[{"embeddable":true,"href":"https:\/\/www.essener-skiklub.de\/index.php?rest_route=%2Fwp%2Fv2%2Fcomments&post=85"}],"version-history":[{"count":3,"href":"https:\/\/www.essener-skiklub.de\/index.php?rest_route=\/wp\/v2\/pages\/85\/revisions"}],"predecessor-version":[{"id":122,"href":"https:\/\/www.essener-skiklub.de\/index.php?rest_route=\/wp\/v2\/pages\/85\/revisions\/122"}],"wp:attachment":[{"href":"https:\/\/www.essener-skiklub.de\/index.php?rest_route=%2Fwp%2Fv2%2Fmedia&parent=85"}],"curies":[{"name":"wp","href":"https:\/\/api.w.org\/{rel}","templated":true}]}}